5?
9
What is the highest common factor of 127730 and 35755?
5
Calculate the greatest common factor of 16809195 and 2340.
195
What is the highest common divisor of 1102161 and 119?
17
What is the greatest common factor of 109011 and 9611?
7
What is the greatest common factor of 13791616 and 1920?
128
Calculate the highest common divisor of 10282 and 6784.
106
What is the greatest common divisor of 11616 and 6978796?
484
What is the greatest common factor of 1 and 6897575?
1
Calculate the highest common divisor of 2207350 and 1048.
262
Calculate the highest common factor of 69123156 and 51.
51
What is the greatest common divisor of 3799977 and 105008?
6563
Calculate the highest common factor of 34 and 20057977.
17
What is the highest common divisor of 30496446 and 10094?
206
What is the highest common divisor of 1939 and 71925?
7
What is the highest common divisor of 1568 and 9491888?
784
Calculate the greatest common factor of 3085 and 65155200.
3085
What is the greatest common factor of 33374 and 23310?
74
What is the greatest common divisor of 2964 and 547538732?
988
What is the highest common factor of 1557 and 133729?
173
Calculate the highest common factor of 61655 and 416240.
55
What is the highest common divisor of 8316 and 81268?
44
Calculate the highest common divisor of 202 and 78763133.
101
What is the greatest common divisor of 547 and 1517802472?
547
Calculate the greatest common divisor of 59 and 809728744.
59
What is the greatest common divisor of 2178718 and 19?
1
Calculate the highest common divisor of 80955 and 75537.
63
Calculate the greatest common factor of 4725870 and 1938.
114
Calculate the greatest common divisor of 21406805 and 614265.
6605
What is the greatest common factor of 1637645 and 5?
5
What is the greatest common divisor of 6981 and 623521977?
6981
What is the highest common factor of 17172 and 31111?
53
What is the highest common divisor of 8153 and 1237954?
31
What is the greatest common divisor of 867756 and 5784?
12
What is the greatest common factor of 244014545 and 1022?
73
What is the highest common factor of 10324139 and 14?
7
What is the greatest common factor of 100 and 12851750?
50
Calculate the highest common divisor of 272950386 and 6.
6
Calculate the highest common factor of 311808 and 2235408.
336
What is the highest common divisor of 384967 and 1067?
11
Calculate the highest common divisor of 97 and 6604827.
97
What is the greatest common divisor of 98720 and 10489?
617
Calculate the greatest common factor of 203945 and 630.
35
Calculate the greatest common factor of 37932 and 2331948.
348
What is the greatest common divisor of 555509216 and 5216?
5216
Calculate the greatest common divisor of 24659079 and 7512.
939
Calculate the greatest common divisor of 126963143 and 42029.
3233
Calculate the highest common factor of 15367 and 42422600.
121
What is the greatest common factor of 29452060 and 3355?
55
Calculate the greatest common divisor of 3078 and 3282.
6
Calculate the greatest common factor of 12753758 and 48850.
1954
Calculate the highest common factor of 29225703 and 51.
51
What is the highest common factor of 5052020 and 22220?
2020
Calculate the greatest common divisor of 77400 and 199890.
90
What is the greatest common divisor of 1069 and 201210387?
1069
What is the highest common divisor of 7859034 and 1606?
146
Calculate the greatest common divisor of 6704 and 53727113.
419
What is the highest common divisor of 150770 and 770?
10
Calculate the highest common divisor of 352624480 and 78.
26
What is the greatest common factor of 18869407 and 92?
23
Calculate the greatest common factor of 109098 and 56547216.
5742
What is the highest common divisor of 154 and 31714298?
154
Calculate the greatest common factor of 13920 and 800072880.
6960
Calculate the highest common divisor of 26085 and 21462879.
141
Calculate the greatest common factor of 4186 and 1420853980.
4186
Calculate the highest common divisor of 41917 and 573311.
167
What is the greatest common divisor of 160451702 and 1034?
94
Calculate the highest common divisor of 344233 and 1139.
17
What is the greatest common divisor of 251937 and 3339?
63
What is the greatest common divisor of 84946695 and 12735?
4245
What is the greatest common factor of 641760 and 143823?
573
Calculate the highest common divisor of 33235849 and 44570.
4457
What is the highest common factor of 25 and 1175765?
5
Calculate the highest common factor of 21085 and 167.
1
What is the greatest common factor of 1108164355 and 25521?
8507
What is the greatest common divisor of 2795 and 43671875?
2795
What is the greatest common factor of 1020 and 36060?
60
Calculate the highest common divisor of 839742 and 3478700.
1618
Calculate the greatest common factor of 1795838 and 374.
22
Calculate the highest common divisor of 2624 and 29888.
64
What is the highest common factor of 74639944 and 48?
8
What is the highest common divisor of 4433700003 and 87?
87
What is the greatest common factor of 87674 and 228101?
743
What is the greatest common factor of 7497979 and 145?
29
Calculate the greatest common divisor of 3235 and 162404764.
647
What is the highest common divisor of 10684288 and 4?
4
Calculate the greatest common factor of 202168 and 1961.
37
Calculate the greatest common divisor of 1008 and 4746240.
144
What is the highest common factor of 968 and 291048?
8
What is the highest common factor of 43500868 and 956?
956
Calculate the highest common factor of 106708 and 3711708.
2884
Calculate the highest common divisor of 294076632 and 48.
24
What is the greatest common factor of 107 and 176313209?
107
What is the greatest common divisor of 139533664 and 1963?
151
What is the highest common factor of 672 and 5065536?
672
Calculate the greatest common divisor of 1215642 and 5819.
529
Calculate the greatest common factor of 2484 and 17989749.
621
Calculate the greatest common factor of 322 and 22215378.
46
What is the greatest common factor of 3766 and 14355454?
538
What is the greatest common divisor of 8460309 and 9471?
1353
What is the greatest common factor of 829272 and 1143102?
1902
What is the greatest common factor of 1216 and 183071232?
1216
What is the highest common factor of 52738 and 255078638?
7534
Calculate the greatest common factor of 9192 and 2007303.
1149
What is the highest common divisor of 3982064 and 136?
8
Calculate the highest common divisor of 5348 and 178.
2
What is the highest common factor of 667311109 and 86?
43
Calculate the highest common divisor of 128 and 270717056.
128
What is the highest common divisor of 63912 and 224088?
24
What is the highest common divisor of 1099836 and 15?
3
Calculate the highest common divisor of 4614 and 12948422.
1538
Calculate the greatest common factor of 39670 and 7290.
10
Calculate the greatest common divisor of 504 and 9236724.
84
Calculate the highest common divisor of 116224 and 3859.
227
What is the highest common divisor of 98320 and 255?
5
Calculate the greatest common divisor of 1909227 and 54.
3
What is the highest common divisor of 23280 and 343865?
485
What is the highest common factor of 29 and 127138639?
29
What is the greatest common factor of 64821 and 722517?
1581
What is the highest common divisor of 1967715 and 720?
45
What is the highest common divisor of 50246 and 1021216?
1358
Calculate the greatest common divisor of 35382513 and 9.
3
What is the greatest common factor of 7648 and 1555412?
956
Calculate the greatest common factor of 20280 and 35080.
40
Calculate the highest common factor of 565248 and 35052.
276
What is the highest common factor of 540 and 5688?
36
What is the highest common divisor of 43 and 421948293?
43
What is the greatest common factor of 1186484706 and 561?
561
What is the highest common factor of 521700 and 279180?
2820
What is the greatest common divisor of 12461 and 270589?
17
Calculate the greatest common factor of 5474 and 323610.
322
What is the highest common factor of 5232 and 37216524?
1308
What is the greatest common divisor of 6534 and 9887394?
726
Calculate the highest common divisor of 2563510 and 3112.
778
Calculate the highest common divisor of 3913 and 1289388282.
3913
Calculate the highest common divisor of 2122794 and 183654.
1026
What is 